 the remainder when 530 is divided by 63?
26
What is the remainder when 22582 is divided by 12?
10
Calculate the remainder when 586 is divided by 19.
16
Calculate the remainder when 85 is divided by 48.
37
What is the remainder when 31 is divided by 14?
3
What is the remainder when 10092 is divided by 98?
96
Calculate the remainder when 63 is divided by 3.
0
Calculate the remainder when 1042 is divided by 64.
18
Calculate the remainder when 613 is divided by 371.
242
Calculate the remainder when 201 is divided by 68.
65
What is the remainder when 214 is divided by 58?
40
What is the remainder when 96 is divided by 51?
45
Calculate the remainder when 215 is divided by 94.
27
Calculate the remainder when 195 is divided by 3.
0
What is the remainder when 146 is divided by 5?
1
Calculate the remainder when 351 is divided by 21.
15
What is the remainder when 988 is divided by 32?
28
Calculate the remainder when 2583 is divided by 259.
252
What is the remainder when 72 is divided by 40?
32
Calculate the remainder when 5977 is divided by 747.
1
What is the remainder when 415 is divided by 245?
170
Calculate the remainder when 399 is divided by 20.
19
What is the remainder when 151 is divided by 3?
1
What is the remainder when 6434 is divided by 41?
38
What is the remainder when 75 is divided by 7?
5
What is the remainder when 48 is divided by 17?
14
What is the remainder when 11 is divided by 3?
2
What is the remainder when 725 is divided by 28?
25
What is the remainder when 1440 is divided by 14?
12
What is the remainder when 39 is divided by 2?
1
Calculate the remainder when 335 is divided by 13.
10
Calculate the remainder when 3172 is divided by 69.
67
What is the remainder when 68 is divided by 58?
10
What is the remainder when 58 is divided by 3?
1
Calculate the remainder when 122 is divided by 7.
3
Calculate the remainder when 636 is divided by 26.
12
What is the remainder when 1629 is divided by 39?
30
What is the remainder when 1149 is divided by 64?
61
What is the remainder when 2262 is divided by 15?
12
What is the remainder when 1018 is divided by 22?
6
What is the remainder when 266 is divided by 54?
50
What is the remainder when 1035 is divided by 31?
12
Calculate the remainder when 213 is divided by 3.
0
Calculate the remainder when 57 is divided by 35.
22
What is the remainder when 58 is divided by 31?
27
What is the remainder when 6882 is divided by 11?
7
Calculate the remainder when 96 is divided by 70.
26
What is the remainder when 150 is divided by 20?
10
Calculate the remainder when 149 is divided by 9.
5
Calculate the remainder when 15233 is divided by 401.
396
Calculate the remainder when 118 is divided by 6.
4
What is the remainder when 11452 is divided by 145?
142
Calculate the remainder when 734 is divided by 8.
6
Calculate the remainder when 52 is divided by 20.
12
What is the remainder when 807 is divided by 260?
27
What is the remainder when 386 is divided by 79?
70
Calculate the remainder when 1949 is divided by 39.
38
Calculate the remainder when 121 is divided by 20.
1
Calculate the remainder when 606 is divided by 31.
17
Calculate the remainder when 875 is divided by 8.
3
What is the remainder when 2844 is divided by 178?
174
What is the remainder when 5883 is divided by 218?
215
What is the remainder when 11378 is divided by 316?
2
What is the remainder when 224 is divided by 25?
24
Calculate the remainder when 183 is divided by 42.
15
Calculate the remainder when 1041 is divided by 7.
5
What is the remainder when 167 is divided by 17?
14
Calculate the remainder when 3470 is divided by 151.
148
Calculate the remainder when 175 is divided by 91.
84
What is the remainder when 861 is divided by 72?
69
Calculate the remainder when 845 is divided by 94.
93
Calculate the remainder when 151 is divided by 16.
7
Calculate the remainder when 373 is divided by 15.
13
Calculate the remainder when 1256 is divided by 76.
40
Calculate the remainder when 7797 is divided by 16.
5
What is the remainder when 682 is divided by 182?
136
Calculate the remainder when 1705 is divided by 178.
103
Calculate the remainder when 223 is divided by 74.
1
What is the remainder when 110 is divided by 21?
5
Calculate the remainder when 238 is divided by 3.
1
Calculate the remainder when 426 is divided by 13.
10
Calculate the remainder when 22768 is divided by 23.
21
Calculate the remainder when 9145 is divided by 64.
57
What is the remainder when 3274 is divided by 298?
294
What is the remainder when 231 is divided by 47?
43
Calculate the remainder when 5648 is divided by 18.
14
What is the remainder when 1619 is divided by 114?
23
What is the remainder when 676 is divided by 113?
111
Calculate the remainder when 2272 is divided by 136.
96
What is the remainder when 5024 is divided by 46?
10
Calculate the remainder when 74 is divided by 33.
8
Calculate the remainder when 31094 is divided by 169.
167
What is the remainder when 2580 is divided by 56?
4
Calculate the remainder when 365 is divided by 74.
69
What is the remainder when 68 is divided by 15?
8
Calculate the remainder when 164 is divided by 19.
12
Calculate the remainder when 677 is divided by 216.
29
What is the remainder when 576 is divided by 189?
9
Calculate the remainder when 2428 is divided by 33.
19
Calculate the remainder when 218 is divided by 51.
14
What is the remainder when 916 is divided by 9?
7
Calculate the remainder when 975 is divided by 82.
73
What is the remainder when 123 is divided by 42?
39
Calculate the remainder when 241 is divided by 79.
4
Calculate the remainder when 622 is divided by 70.
62
What is the remainder when 7435 is divided by 52?
51
What is the remainder when 88 is divided by 54?
34
What is the remainder when 1718 is divided by 14?
10
Calculate the remainder when 67 is divided by 26.
15
What is the remainder when 85 is divided by 29?
27
Calculate the remainder when 1451 is divided by 12.
11
Calculate the remainder when 658 is divided by 49.
21
Calculate the remainder when 1427 is divided by 51.
50
Calculate the remainder when 114 is divided by 20.
14
Calculate the remainder when 180 is divided by 173.
7
What is the remainder when 81 is divided by 64?
17
Calculate the remainder when 93 is divided by 77.
16
Calculate the remainder when 88 is divided by 86.
2
What is the remainder when 4093 is divided by 682?
1
What is the remainder when 8142 is divided by 181?
178
What is the remainder when 818 is divided by 200?
18
What is the remainder when 389 is divided by 28?
25
Calculate the remainder when 638 is divided by 80.
78
What is the remainder when 35 is divided by 25?
10
What is the remainder when 15157 is divided by 6?
1
Calculate the remainder when 56 is divided by 50.
6
What is the remainder when 32721 is divided by 108?
105
Calculate the remainder when 124 is divided by 18.
16
What is the remainder when 10895 is divided by 8?
7
Calculate the remainder when 188 is divided by 64.
60
Calculate the remainder when 214 is divided by 70.
4
Calculate the remainder when 21198 is divided by 106.
104
Calculate the remainder when 409 is divided by 78.
19
Calculate the remainder when 4460 is divided by 93.
89
Calculate the remainder when 108 is divided by 22.
20
What is the remainder when 317 is divided by 29?
27
What is the remainder when 1870 is divided by 26?
24
Calculate the remainder when 38719 is divided by 22.
21
Calculate the remainder when 260 is divided by 52.
0
What is the remainder when 59 is divided by 12?
11
Calculate the remainder when 69 is divided by 17.
1
What is the remainder when 1181 is divided by 36?
29
Calculate the remainder when 81 is divided by 23.
12
Calculate the remainder when 587 is divided by 19.
17
What is the remainder when 375 is divided by 29?
27
Calculate the remainder when 95 is divided by 91.
4
Calculate the remainder when 130 is divided by 40.
10
Calculate the remainder when 308 is divided by 103.
102
Calculate the remainder when 92 is divided by 1.
0
Calculate the remainder when 13698 is divided by 103.
102
Calculate the remainder when 313 is divided by 35.
33
What is the remainder when 8278 is divided by 180?
178
Calculate the remainder when 554 is divided by 56.
50
What is the remainder when 81 is divided by 3?
0
Calculate